 prime factors of t(n).
2, 73
Let w = 538 - 510. What are the prime factors of w?
2, 7
Suppose 3*u = -2*o - 23, -u = 4*u + 5. List the prime factors of 6*o*5/(-30).
2, 5
Let f be 14*-2*(-4)/(-16). Let j(n) = -6*n + 8. Let m(k) = 11*k - 15. Let c(y) = f*j(y) - 4*m(y). What are the prime factors of c(-8)?
2, 5
Let d(n) = -n + 25. Let k be d(25). Let b(w) = -w**3 - 2*w + 11. Let a(y) = y**3 + y - 11. Let v(g) = -3*a(g) - 2*b(g). List the prime factors of v(k).
11
Suppose c + 4*s = 3472, -4*s = 3*c - 9851 - 581. List the prime factors of c.
2, 3, 5, 29
Suppose -6279 = -7*s + 2793. What are the prime factors of s?
2, 3
Let l(f) = f + 14. Let j(z) = -z**3 - 5*z**2 + 6*z + 8. Let c be j(-6). Let t = -4 - c. What are the prime factors of l(t)?
2
Let m be 6*(8/(-6) + 2). Suppose -7 = -5*g + m*g. List the prime factors of g.
7
Let f(p) = 2*p**2 + 16*p - 56. What are the prime factors of f(8)?
2, 5
Let m = 1106 + 1015. List the prime factors of m.
3, 7, 101
Suppose -4*f + 19 - 7 = 0. Let t = -7 + 11. Suppose f*l = -2*x + 65, t*x = -3*l + l + 38. List the prime factors of l.
23
Let r = -52 + 83. Let d = 61 - r. List the prime factors of d.
2, 3, 5
Let l(t) = -t**2 + 1. Let o be l(-1). Suppose -3*x + 211 - 64 = o. List the prime factors of x.
7
Let s = 21 - -19. Let t = s + 16. What are the prime factors of t?
2, 7
Let o(z) = z**2 + 2*z + 3. Let d be o(-1). Suppose 108 = d*u - 3*u. What are the prime factors of (u - 0)/(-2) + 2?
2, 7
Let i(o) = -186*o - 139. List the prime factors of i(-5).
7, 113
Let g be (6/12)/(1/(-24)). Suppose 14*k = 8*k + 276. Let s = k + g. List the prime factors of s.
2, 17
Let z be ((-7)/(-7))/(1/(-6)). What are the prime factors of (20/z)/(6/(-135))?
3, 5
Suppose -7*w + 8 = -3*w, 5*w - 45 = -5*g. Let n(o) = 4*o**2 - o - 13. List the prime factors of n(g).
2, 11
Suppose y + 578 = 1790. What are the prime factors of y?
2, 3, 101
Let q(b) = 6*b + 3. Let n be q(8). Let w be (n/(-12) + 1)*4. Let m = -6 - w. List the prime factors of m.
7
Suppose -888 = -j + 4*x, -4*j - 539 = -3*x - 4026. What are the prime factors of j?
2, 7, 31
Let g = -41 + 24. Let t = g - -42. What are the prime factors of t?
5
Let x = 69 + -37. Let s = 46 - x. Suppose -3*u = -2*u - s. List the prime factors of u.
2, 7
Suppose -n + 2*o = -416, -5*n + 0*o + o + 2053 = 0. What are the prime factors of n?
2, 5, 41
Let j = 22 - 10. Let v be -2*(-99)/(-6)*-1. List the prime factors of j/(v/9 + -3).
2, 3
Let h(a) = -9*a**3 - 1. Let q be h(1). List the prime factors of (-4910)/(-35) + q/35.
2, 5, 7
Suppose -23 = 2*f - 17, 5*i + 5*f = 4380. List the prime factors of i.
3, 293
Let u(y) = 2*y**2 + 18*y + 20. What are the prime factors of u(-10)?
2, 5
Let i(v) = 8*v - 5. Let r be i(6). Let w = r + 34. List the prime factors of w.
7, 11
Let z(m) = 11*m**3 + 6*m**2 - 9*m + 15. Let h be z(4). Suppose 4*g = 5*f + 246 + h, -4*g + 3*f + 1031 = 0. List the prime factors of g.
2, 5, 13
Suppose 256 = -5*p + p. Let i = p - -26. Let q = i - -63. What are the prime factors of q?
5
Suppose -742*z + 750*z - 4400 = 0. List the prime factors of z.
2, 5, 11
Suppose -1 = 2*u - 9. Suppose u*l = j - 180, 3*j + 3*l - 575 = 8*l. Suppose 4*g - j = -g. List the prime factors of g.
2, 5
Suppose 0 = -24*b + 14*b + 50. Suppose 418 + 122 = b*p. What are the prime factors of p?
2, 3
Let h = -440 + 1158. What are the prime factors of h?
2, 359
Let n be (3 + -4)*(1 + 3). Let r = -4 - n. Suppose r*w - j = w - 5, -2*w + 3 = -5*j. What are the prime factors of w?
2
Let u(s) be the first derivative of s**3/3 + 7*s**2/2 + 15*s + 11. List the prime factors of u(-11).
59
Suppose 0 = w + w - 5*j + 14, 2*w + 12 = 4*j. Suppose s - 3*p + 25 = 2, 0 = -5*s - p - 67. List the prime factors of s/((-4 - w) + 1).
2, 7
Let v = 8 - 6. Suppose -2*d - d - v*k + 17 = 0, 0 = k - 4. Let o(a) = 7*a - 3. What are the prime factors of o(d)?
2, 3
Let k(b) = 26*b**2 - b - 2. Let o be k(1). Suppose o*r - 460 = 21*r. List the prime factors of r.
2, 5, 23
Suppose -5*o = -2*o - 1161. Let h be (1*2)/(18/o). Suppose 7 = -4*a + h. List the prime factors of a.
3
Let j(s) = 2*s - 8. Let h be j(5). Suppose 7*o + 40 = h*o. Let y = o - -21. List the prime factors of y.
13
Suppose -6 = b + 2*b + 2*k, -k - 3 = -4*b. Suppose 3*w - 4*a - 58 = b, -4*w - 9 = 3*a - 53. Let c(s) = 3*s + 6. What are the prime factors of c(w)?
2, 3
Suppose 4*x - 3*l - 474 = -6*l, -2*l = -5*x + 581. Suppose -2 = -f - 5*t - 1, 5*f = 3*t + x. What are the prime factors of f?
3, 7
Let h = -2419 + 4692. List the prime factors of h.
2273
Suppose -k + 15 = 3*u, u + 33 - 6 = 5*k. Let v be (-146)/k + 3/9. Let o = 35 + v. What are the prime factors of o?
11
Suppose -565 = 5*s + 5*f, -5*s - f + 65 = 634. Let b = -16 - s. List the prime factors of b.
2, 7
Let o(c) = 98*c**2 + c. Let z be o(1). Suppose 3*i - z = -81. List the prime factors of i.
2, 3
Suppose -110*b = -92*b - 57078. List the prime factors of b.
3, 7, 151
Let r(c) = 140*c + 1. Let n(w) = 35*w - 15*w + 27*w. Let m(d) = 7*n(d) - 2*r(d). List the prime factors of m(1).
47
Let f = 13 - 10. Let b be (-7)/(28/(-24)) - f. Suppose -4*t + 131 = -3*d, -5*t + 128 = 4*d + b. List the prime factors of t.
29
Let d(x) = -5 - 9*x**2 + 1 + 22*x**2 + 0 + 5*x. Let q be d(3). Suppose 0 = 5*h + 3*m - 170, -4*h + q = 3*m + m. List the prime factors of h.
37
Suppose 430 = -5*t + 5*h, 0*t - 3*h = t + 70. Suppose 3*y + 116 = -4*r, 5*r + 37 + 9 = -y. Let p = y - t. List the prime factors of p.
2, 23
Suppose 0 = -6*g - 0 + 12. Suppose -g*q + 8 = 0, 2*q = -0*b + 2*b - 310. List the prime factors of b.
3, 53
Let u(t) = 5*t**2 - t. Let c be u(-1). Let v be (8/3 + -2)/(1/3). Suppose -c*m = -x - v*m - 10, 5*m - 25 = 0. List the prime factors of x.
2, 5
Suppose -5*n + 327 = -4*n - 5*w, -3*n = -5*w - 961. List the prime factors of n.
317
Let w(z) = -z - 9. Let t be w(0). Let b(a) = a**3 + 7*a**2 - 12*a + 8. Let p be b(t). Let k = p + 65. What are the prime factors of k?
19
Suppose -b - 3*b + 12 = 0. Suppose r = b*r - 78. What are the prime factors of r?
3, 13
Suppose -2*g - 2*m + 4*m + 6 = 0, -3 = -g + 5*m. Suppose -8 = -g*p + p. Suppose 340 = p*h + h. List the prime factors of h.
2, 17
Suppose -2*j + 3*j - 5*v = 3548, -3*v - 3 = 0. What are the prime factors of j?
3, 1181
Let b(w) = 3*w - 30. Let c be b(13). Suppose -4*t - 835 = -c*t + z, -z = t - 161. What are the prime factors of t?
2, 83
Suppose -4*a + 5*v + 3453 = 0, 15*a - 19*a + 3423 = v. What are the prime factors of a?
857
Suppose -3542 + 11606 = 24*l. List the prime factors of l.
2, 3, 7
Let b(m) be the second derivative of m**5/20 + 4*m**4/3 - 2*m**3/3 - 21*m**2/2 + m. Let z be (8 - (13 - 3))*24/3. List the prime factors of b(z).
43
Let r(j) = -j**3 + 23*j**2 + 27*j + 34. Let d be r(24). Let t = d - 56. List the prime factors of t.
2, 5
Suppose -13*y - 21008 = -39*y. List the prime factors of y.
2, 101
Suppose 11 = 12*m - 157. Let p(t) = 2*t + 1. Let r be p(-6). Let k = r + m. What are the prime factors of k?
3
Let n(s) = s**2 - 7*s - 4. Let w be n(7). Let l = -4 - w. Suppose -t + 29 + l = 0. List the prime factors of t.
29
Suppose 5*m = -5*o + 30, 0 = 3*o + m - 6*m - 2. Let p = 141 - 139. Suppose o*r - p*r = 6. List the prime factors of r.
3
Suppose 0 = 3*h + 5*f - 58, -4*h + 82 = -2*f + 4*f. Let q = h - 19. Suppose z = 4*i - 43, 2*i + z = -q*i + 45. List the prime factors of i.
11
Let d = 19 + -16. Let g(t) = t - 1. Let s be g(d). Suppose a = s*a - 48. List the prime factors of a.
2, 3
Suppose 21*s = 22*s - 5. Suppose -s*l + 232 = -373. List the prime factors of l.
11
Let m(t) = t + 17. Let o be m(-11). Suppose -17*n + o = -14*n. List the prime factors of -3 + (1 + n - -4).
2
Let a = -171 - -376. Suppose a = 3*w + 2*w. List the prime factors of w.
41
Suppose -b = -4 - 2. What are the prime factors of 16/(-30)*b*-10?
2
Let x be (-7)/2 + (-1)/(-2). Let o = 75 - 49. Let w = x + o. What are the prime factors of w?
23
Suppose 1798 = 7*l - 1415. What are the prime factors of l?
3, 17
Let y be (-9)/(-6) + -3*3/(-6). What are the prime factors of y + (-3 - -4) + 76?
2, 5
Let y(b) be the second derivative of b**4 + b**3/3 + 17*b**2/2 - 49*b. List the prime factors of y(-5).
307
Let o(y) = -2*y - 1. Let l = 4 + -6. Let c be o(l). Suppose b + 0*b + c*d - 20 = 0, 0 = 2*b - 2*d - 24. List the prime 